{"id":2368,"date":"2021-05-21T09:13:28","date_gmt":"2021-05-21T09:13:28","guid":{"rendered":"https:\/\/gracey.qodeinteractive.com\/?page_id=2368"},"modified":"2026-01-02T17:37:54","modified_gmt":"2026-01-02T17:37:54","slug":"about-us","status":"publish","type":"page","link":"https:\/\/colombiacultural.co\/?page_id=2368","title":{"rendered":"About Us"},"content":{"rendered":"\t\t<div data-elementor-type=\"wp-page\" data-elementor-id=\"2368\" class=\"elementor elementor-2368\">\n\t\t\t\t<div class=\"elementor-element elementor-element-5b51992 e-flex e-con-boxed e-con e-parent\" data-id=\"5b51992\" data-element_type=\"container\" data-core-v316-plus=\"true\">\n\t\t\t\t\t<div class=\"e-con-inner\">\n\t\t<div class=\"elementor-element elementor-element-6850e0b e-flex e-con-boxed e-con e-child\" data-id=\"6850e0b\" data-element_type=\"container\">\n\t\t\t\t\t<div class=\"e-con-inner\">\n\t\t\t\t<div class=\"elementor-element elementor-element-c7a2e59 elementor-widget__width-initial elementor-widget-tablet__width-initial elementor-widget-mobile__width-initial elementor-widget elementor-widget-gracey_core_info_section\" data-id=\"c7a2e59\" data-element_type=\"widget\" data-widget_type=\"gracey_core_info_section.default\">\n\t\t\t\t<div class=\"elementor-widget-container\">\n\t\t\t<div class=\"qodef-shortcode qodef-m  qodef-info-section qodef-layout--background-text  qodef-alignment--left qodef-background-text-pos--top-left\">\n\t<div class=\"qodef-m-background-text\">\n\t\t\t<span class=\"qodef-m-background-text-text\">Equipo<\/span>\n\t<\/div>\n\t<div class=\"qodef-m-info\">\n\t\t    <p class=\"qodef-m-subtitle\">El Liderazgo Visionario<\/p>\n\n\t\t\t<h2 class=\"qodef-m-title\" >\n\t\tEmmanuel Gonz\u00e1lez<br \/> Serna\t<\/h2>\n\t\t\t<p class=\"qodef-m-text\" >Un l\u00edder en el \u00e1mbito art\u00edstico y cultural, con m\u00e1s de 19 a\u00f1os de experiencia en teatro, televisi\u00f3n y educaci\u00f3n. Como Maestro en Artes Dram\u00e1ticas y fundador de varias compa\u00f1\u00edas teatrales, ha dirigido y participado en numerosas obras, demostrando su versatilidad y pasi\u00f3n por las artes esc\u00e9nicas. Su compromiso con la investigaci\u00f3n y la promoci\u00f3n cultural lo ha llevado a colaborar con instituciones como la Alcald\u00eda de Medell\u00edn y el Ministerio de Cultura. Ganador de premios y becas, su talento y liderazgo lo convierten en una figura destacada en el mundo del arte en Colombia.<\/p>\n\t\t\t<\/div>\n<\/div>\n\t\t<\/div>\n\t\t\t\t<\/div>\n\t\t\t\t\t<\/div>\n\t\t\t\t<\/div>\n\t\t<div class=\"elementor-element elementor-element-29e3761 e-flex e-con-boxed e-con e-child\" data-id=\"29e3761\" data-element_type=\"container\">\n\t\t\t\t\t<div class=\"e-con-inner\">\n\t\t\t\t<div class=\"elementor-element elementor-element-b12a8b0 elementor-widget elementor-widget-image\" data-id=\"b12a8b0\" data-element_type=\"widget\" data-widget_type=\"image.default\">\n\t\t\t\t<div class=\"elementor-widget-container\">\n\t\t\t<style>\/*! elementor - v3.20.0 - 26-03-2024 *\/\n.elementor-widget-image{text-align:center}.elementor-widget-image a{display:inline-block}.elementor-widget-image a img[src$=\".svg\"]{width:48px}.elementor-widget-image img{vertical-align:middle;display:inline-block}<\/style>\t\t\t\t\t\t\t\t\t\t<img fetchpriority=\"high\" decoding=\"async\" width=\"682\" height=\"1024\" src=\"https:\/\/colombiacultural.co\/wp-content\/uploads\/2024\/05\/Imagen-de-WhatsApp-2024-05-02-a-las-14.51.28_9937185d-682x1024.jpg\" class=\"attachment-large size-large wp-image-8051\" alt=\"\" srcset=\"https:\/\/colombiacultural.co\/wp-content\/uploads\/2024\/05\/Imagen-de-WhatsApp-2024-05-02-a-las-14.51.28_9937185d-682x1024.jpg 682w, https:\/\/colombiacultural.co\/wp-content\/uploads\/2024\/05\/Imagen-de-WhatsApp-2024-05-02-a-las-14.51.28_9937185d-200x300.jpg 200w, https:\/\/colombiacultural.co\/wp-content\/uploads\/2024\/05\/Imagen-de-WhatsApp-2024-05-02-a-las-14.51.28_9937185d-768x1153.jpg 768w, https:\/\/colombiacultural.co\/wp-content\/uploads\/2024\/05\/Imagen-de-WhatsApp-2024-05-02-a-las-14.51.28_9937185d-1023x1536.jpg 1023w, https:\/\/colombiacultural.co\/wp-content\/uploads\/2024\/05\/Imagen-de-WhatsApp-2024-05-02-a-las-14.51.28_9937185d.jpg 1066w\" sizes=\"(max-width: 682px) 100vw, 682px\" \/>\t\t\t\t\t\t\t\t\t\t\t\t\t<\/div>\n\t\t\t\t<\/div>\n\t\t\t\t\t<\/div>\n\t\t\t\t<\/div>\n\t\t\t\t\t<\/div>\n\t\t\t\t<\/div>\n\t\t<div class=\"elementor-element elementor-element-e56d8a3 e-flex e-con-boxed e-con e-parent\" data-id=\"e56d8a3\" data-element_type=\"container\" data-core-v316-plus=\"true\">\n\t\t\t\t\t<div class=\"e-con-inner\">\n\t\t\t\t<div class=\"elementor-element elementor-element-fd1df96 elementor-widget-tablet__width-initial elementor-widget elementor-widget-gracey_core_info_section\" data-id=\"fd1df96\" data-element_type=\"widget\" data-widget_type=\"gracey_core_info_section.default\">\n\t\t\t\t<div class=\"elementor-widget-container\">\n\t\t\t<div class=\"qodef-shortcode qodef-m  qodef-info-section qodef-layout--background-text  qodef-alignment--left qodef-background-text-pos--top-left\">\n\t<div class=\"qodef-m-background-text\">\n\t\t\t<span class=\"qodef-m-background-text-text\">conocenos<\/span>\n\t<\/div>\n\t<div class=\"qodef-m-info\">\n\t\t\n\t\t\t<h2 class=\"qodef-m-title\" >\n\t\tNuestros equipo\t<\/h2>\n\t\t\t<p class=\"qodef-m-text\" >Detr\u00e1s de cada proyecto hay un equipo lleno de pasi\u00f3n y creatividad.<\/p>\n\t\t\t<\/div>\n<\/div>\n\t\t<\/div>\n\t\t\t\t<\/div>\n\t\t\t\t\t<\/div>\n\t\t\t\t<\/div>\n\t\t<div class=\"elementor-element elementor-element-22a6a7f e-con-full e-flex e-con e-parent\" data-id=\"22a6a7f\" data-element_type=\"container\" data-core-v316-plus=\"true\">\n\t\t<div class=\"elementor-element elementor-element-d03fe29 e-flex e-con-boxed e-con e-child\" data-id=\"d03fe29\" data-element_type=\"container\">\n\t\t\t\t\t<div class=\"e-con-inner\">\n\t\t\t\t<div class=\"elementor-element elementor-element-76ae9c1 elementor-widget elementor-widget-image\" data-id=\"76ae9c1\" data-element_type=\"widget\" data-widget_type=\"image.default\">\n\t\t\t\t<div class=\"elementor-widget-container\">\n\t\t\t\t\t\t\t\t\t\t\t\t\t<img decoding=\"async\" width=\"300\" height=\"278\" src=\"https:\/\/colombiacultural.co\/wp-content\/uploads\/2026\/01\/4Capa-4-300x278.png\" class=\"attachment-medium size-medium wp-image-8332\" alt=\"\" srcset=\"https:\/\/colombiacultural.co\/wp-content\/uploads\/2026\/01\/4Capa-4-300x278.png 300w, https:\/\/colombiacultural.co\/wp-content\/uploads\/2026\/01\/4Capa-4-13x12.png 13w, https:\/\/colombiacultural.co\/wp-content\/uploads\/2026\/01\/4Capa-4.png 307w\" sizes=\"(max-width: 300px) 100vw, 300px\" \/>\t\t\t\t\t\t\t\t\t\t\t\t\t<\/div>\n\t\t\t\t<\/div>\n\t\t\t\t<div class=\"elementor-element elementor-element-a7c738d elementor-widget-tablet__width-initial elementor-widget elementor-widget-text-editor\" data-id=\"a7c738d\" data-element_type=\"widget\" data-widget_type=\"text-editor.default\">\n\t\t\t\t<div class=\"elementor-widget-container\">\n\t\t\t<style>\/*! elementor - v3.20.0 - 26-03-2024 *\/\n.elementor-widget-text-editor.elementor-drop-cap-view-stacked .elementor-drop-cap{background-color:#69727d;color:#fff}.elementor-widget-text-editor.elementor-drop-cap-view-framed .elementor-drop-cap{color:#69727d;border:3px solid;background-color:transparent}.elementor-widget-text-editor:not(.elementor-drop-cap-view-default) .elementor-drop-cap{margin-top:8px}.elementor-widget-text-editor:not(.elementor-drop-cap-view-default) .elementor-drop-cap-letter{width:1em;height:1em}.elementor-widget-text-editor .elementor-drop-cap{float:left;text-align:center;line-height:1;font-size:50px}.elementor-widget-text-editor .elementor-drop-cap-letter{display:inline-block}<\/style>\t\t\t\t<h3>Edier Andr\u00e9s Ospina\u00a0<\/h3><p style=\"margin-top: -20px;\">Maestro en arte dram\u00e1tico, mas de 12 a\u00f1os de experiencia en el campo art\u00edstico. Es actor ,Gestor Cultural, Docente de Arte, clown, expresi\u00f3n corporal, actuaci\u00f3n y yoga hatha.<\/p>\t\t\t\t\t\t<\/div>\n\t\t\t\t<\/div>\n\t\t\t\t<div class=\"elementor-element elementor-element-aca8060 elementor-widget-tablet__width-initial elementor-widget elementor-widget-text-editor\" data-id=\"aca8060\" data-element_type=\"widget\" data-widget_type=\"text-editor.default\">\n\t\t\t\t<div class=\"elementor-widget-container\">\n\t\t\t\t\t\t\t<h3>Yesika Vel\u00e1squez<\/h3><p style=\"margin-top: -20px;\">Bailarina, core\u00f3grafa y directora con m\u00e1s de 15 a\u00f1os de trayectoria internacional. Fundadora de SOLTURAPRO, enfocada en formaci\u00f3n art\u00edstica, pedagog\u00eda y gesti\u00f3n cultural.<\/p>\t\t\t\t\t\t<\/div>\n\t\t\t\t<\/div>\n\t\t\t\t<div class=\"elementor-element elementor-element-784e87c elementor-widget-tablet__width-initial elementor-widget elementor-widget-text-editor\" data-id=\"784e87c\" data-element_type=\"widget\" data-widget_type=\"text-editor.default\">\n\t\t\t\t<div class=\"elementor-widget-container\">\n\t\t\t\t\t\t\t<h3>Daniel V\u00e9lez Fern\u00e1ndez<\/h3><p style=\"margin-top: -20px;\">Artista esc\u00e9nico de Medell\u00edn, director y dramaturgo. Reconocido por su versatilidad en teatro y proyectos independientes. Dirige Compa\u00f1\u00edas de Cart\u00f3n.<\/p>\t\t\t\t\t\t<\/div>\n\t\t\t\t<\/div>\n\t\t\t\t<div class=\"elementor-element elementor-element-187da14 elementor-widget-tablet__width-initial elementor-widget elementor-widget-text-editor\" data-id=\"187da14\" data-element_type=\"widget\" data-widget_type=\"text-editor.default\">\n\t\t\t\t<div class=\"elementor-widget-container\">\n\t\t\t\t\t\t\t<h3>Diego Lopera L\u00f3pez<\/h3><p style=\"margin-top: -20px;\">Artista visual y t\u00e9cnico en iluminaci\u00f3n. Docente y bailar\u00edn centrado en crear atm\u00f3sferas visuales que integran cuerpo, escena y espacio.<\/p>\t\t\t\t\t\t<\/div>\n\t\t\t\t<\/div>\n\t\t\t\t\t<\/div>\n\t\t\t\t<\/div>\n\t\t<div class=\"elementor-element elementor-element-1070e59 e-flex e-con-boxed e-con e-child\" data-id=\"1070e59\" data-element_type=\"container\">\n\t\t\t\t\t<div class=\"e-con-inner\">\n\t\t\t\t<div class=\"elementor-element elementor-element-870c354 elementor-widget-tablet__width-initial elementor-widget elementor-widget-text-editor\" data-id=\"870c354\" data-element_type=\"widget\" data-widget_type=\"text-editor.default\">\n\t\t\t\t<div class=\"elementor-widget-container\">\n\t\t\t\t\t\t\t<h3>Cinthya Fl\u00f3rez Ruiz<\/h3><p style=\"margin-top: -20px;\">Licenciada en Danza de la U. de Antioquia, bailarina y core\u00f3grafa con experiencia nacional e internacional. Docente de danza contempor\u00e1nea y creativa para adultos y ni\u00f1os.<\/p>\t\t\t\t\t\t<\/div>\n\t\t\t\t<\/div>\n\t\t\t\t<div class=\"elementor-element elementor-element-0792f1a elementor-widget elementor-widget-image\" data-id=\"0792f1a\" data-element_type=\"widget\" data-widget_type=\"image.default\">\n\t\t\t\t<div class=\"elementor-widget-container\">\n\t\t\t\t\t\t\t\t\t\t\t\t\t<img decoding=\"async\" width=\"300\" height=\"278\" src=\"https:\/\/colombiacultural.co\/wp-content\/uploads\/2026\/01\/895Capa-6-300x278.png\" class=\"attachment-medium size-medium wp-image-8334\" alt=\"\" srcset=\"https:\/\/colombiacultural.co\/wp-content\/uploads\/2026\/01\/895Capa-6-300x278.png 300w, https:\/\/colombiacultural.co\/wp-content\/uploads\/2026\/01\/895Capa-6-13x12.png 13w, https:\/\/colombiacultural.co\/wp-content\/uploads\/2026\/01\/895Capa-6.png 307w\" sizes=\"(max-width: 300px) 100vw, 300px\" \/>\t\t\t\t\t\t\t\t\t\t\t\t\t<\/div>\n\t\t\t\t<\/div>\n\t\t\t\t<div class=\"elementor-element elementor-element-8f6e4fa elementor-widget-tablet__width-initial elementor-widget elementor-widget-text-editor\" data-id=\"8f6e4fa\" data-element_type=\"widget\" data-widget_type=\"text-editor.default\">\n\t\t\t\t<div class=\"elementor-widget-container\">\n\t\t\t\t\t\t\t<h3>Juan Camilo Vel\u00e1squez<\/h3><p style=\"margin-top: -20px;\">Maestro en arte dram\u00e1tico con m\u00e1s de 12 a\u00f1os de experiencia. Actor, gestor cultural, docente y practicante de clown, yoga y expresi\u00f3n corporal.<\/p>\t\t\t\t\t\t<\/div>\n\t\t\t\t<\/div>\n\t\t\t\t<div class=\"elementor-element elementor-element-88485f3 elementor-widget elementor-widget-image\" data-id=\"88485f3\" data-element_type=\"widget\" data-widget_type=\"image.default\">\n\t\t\t\t<div class=\"elementor-widget-container\">\n\t\t\t\t\t\t\t\t\t\t\t\t\t<img loading=\"lazy\" decoding=\"async\" width=\"300\" height=\"278\" src=\"https:\/\/colombiacultural.co\/wp-content\/uploads\/2026\/01\/89Capa-5-300x278.png\" class=\"attachment-medium size-medium wp-image-8333\" alt=\"\" srcset=\"https:\/\/colombiacultural.co\/wp-content\/uploads\/2026\/01\/89Capa-5-300x278.png 300w, https:\/\/colombiacultural.co\/wp-content\/uploads\/2026\/01\/89Capa-5-13x12.png 13w, https:\/\/colombiacultural.co\/wp-content\/uploads\/2026\/01\/89Capa-5.png 307w\" sizes=\"(max-width: 300px) 100vw, 300px\" \/>\t\t\t\t\t\t\t\t\t\t\t\t\t<\/div>\n\t\t\t\t<\/div>\n\t\t\t\t<div class=\"elementor-element elementor-element-43df041 elementor-widget-tablet__width-initial elementor-widget elementor-widget-text-editor\" data-id=\"43df041\" data-element_type=\"widget\" data-widget_type=\"text-editor.default\">\n\t\t\t\t<div class=\"elementor-widget-container\">\n\t\t\t\t\t\t\t<h3>Katherine Villa Posada<\/h3><p style=\"margin-top: -20px;\">Licenciada en danza con m\u00e1s de 15 a\u00f1os de experiencia en danza urbana. Core\u00f3grafa de artistas de m\u00fasica urbana y docente en academias del Valle de Aburr\u00e1.<\/p>\t\t\t\t\t\t<\/div>\n\t\t\t\t<\/div>\n\t\t\t\t<div class=\"elementor-element elementor-element-a5e59d2 elementor-widget elementor-widget-image\" data-id=\"a5e59d2\" data-element_type=\"widget\" data-widget_type=\"image.default\">\n\t\t\t\t<div class=\"elementor-widget-container\">\n\t\t\t\t\t\t\t\t\t\t\t\t\t<img loading=\"lazy\" decoding=\"async\" width=\"300\" height=\"278\" src=\"https:\/\/colombiacultural.co\/wp-content\/uploads\/2026\/01\/andres-300x278.png\" class=\"attachment-medium size-medium wp-image-8325\" alt=\"\" srcset=\"https:\/\/colombiacultural.co\/wp-content\/uploads\/2026\/01\/andres-300x278.png 300w, https:\/\/colombiacultural.co\/wp-content\/uploads\/2026\/01\/andres-13x12.png 13w, https:\/\/colombiacultural.co\/wp-content\/uploads\/2026\/01\/andres.png 432w\" sizes=\"(max-width: 300px) 100vw, 300px\" \/>\t\t\t\t\t\t\t\t\t\t\t\t\t<\/div>\n\t\t\t\t<\/div>\n\t\t\t\t<div class=\"elementor-element elementor-element-c1798c7 elementor-widget-tablet__width-initial elementor-widget elementor-widget-text-editor\" data-id=\"c1798c7\" data-element_type=\"widget\" data-widget_type=\"text-editor.default\">\n\t\t\t\t<div class=\"elementor-widget-container\">\n\t\t\t\t\t\t\t<h3>Andr\u00e9s Kortman Zea<\/h3><p style=\"margin-top: -20px;\">Maestro en Artes Esc\u00e9nicas, actor y docente con m\u00e1s de 10 a\u00f1os de experiencia. Especialista en expresi\u00f3n corporal y proyectos con diversas poblaciones.<\/p>\t\t\t\t\t\t<\/div>\n\t\t\t\t<\/div>\n\t\t\t\t\t<\/div>\n\t\t\t\t<\/div>\n\t\t<div class=\"elementor-element elementor-element-b86f6d2 e-flex e-con-boxed e-con e-child\" data-id=\"b86f6d2\" data-element_type=\"container\">\n\t\t\t\t\t<div class=\"e-con-inner\">\n\t\t\t\t<div class=\"elementor-element elementor-element-343df67 elementor-widget elementor-widget-image\" data-id=\"343df67\" data-element_type=\"widget\" data-widget_type=\"image.default\">\n\t\t\t\t<div class=\"elementor-widget-container\">\n\t\t\t\t\t\t\t\t\t\t\t\t\t<img loading=\"lazy\" decoding=\"async\" width=\"300\" height=\"278\" src=\"https:\/\/colombiacultural.co\/wp-content\/uploads\/2026\/01\/pnpCapa-7-300x278.png\" class=\"attachment-medium size-medium wp-image-8335\" alt=\"\" srcset=\"https:\/\/colombiacultural.co\/wp-content\/uploads\/2026\/01\/pnpCapa-7-300x278.png 300w, https:\/\/colombiacultural.co\/wp-content\/uploads\/2026\/01\/pnpCapa-7-13x12.png 13w, https:\/\/colombiacultural.co\/wp-content\/uploads\/2026\/01\/pnpCapa-7.png 307w\" sizes=\"(max-width: 300px) 100vw, 300px\" \/>\t\t\t\t\t\t\t\t\t\t\t\t\t<\/div>\n\t\t\t\t<\/div>\n\t\t\t\t<div class=\"elementor-element elementor-element-bc080b3 elementor-widget-tablet__width-initial elementor-widget elementor-widget-text-editor\" data-id=\"bc080b3\" data-element_type=\"widget\" data-widget_type=\"text-editor.default\">\n\t\t\t\t<div class=\"elementor-widget-container\">\n\t\t\t\t\t\t\t<h3>Paula Andrea Jaramillo\u00a0<\/h3><p style=\"margin-top: -20px;\">Dise\u00f1adora gr\u00e1fica y docente de arte para ni\u00f1os y j\u00f3venes. Ha trabajado con la Corporaci\u00f3n Art\u00edstica La Polilla y Comfama desde 2018.<\/p>\t\t\t\t\t\t<\/div>\n\t\t\t\t<\/div>\n\t\t\t\t<div class=\"elementor-element elementor-element-fc46ec3 elementor-widget elementor-widget-image\" data-id=\"fc46ec3\" data-element_type=\"widget\" data-widget_type=\"image.default\">\n\t\t\t\t<div class=\"elementor-widget-container\">\n\t\t\t\t\t\t\t\t\t\t\t\t\t<img loading=\"lazy\" decoding=\"async\" width=\"300\" height=\"278\" src=\"https:\/\/colombiacultural.co\/wp-content\/uploads\/2026\/01\/bll-300x278.png\" class=\"attachment-medium size-medium wp-image-8331\" alt=\"\" srcset=\"https:\/\/colombiacultural.co\/wp-content\/uploads\/2026\/01\/bll-300x278.png 300w, https:\/\/colombiacultural.co\/wp-content\/uploads\/2026\/01\/bll-13x12.png 13w, https:\/\/colombiacultural.co\/wp-content\/uploads\/2026\/01\/bll.png 307w\" sizes=\"(max-width: 300px) 100vw, 300px\" \/>\t\t\t\t\t\t\t\t\t\t\t\t\t<\/div>\n\t\t\t\t<\/div>\n\t\t\t\t<div class=\"elementor-element elementor-element-594624d elementor-widget-tablet__width-initial elementor-widget elementor-widget-text-editor\" data-id=\"594624d\" data-element_type=\"widget\" data-widget_type=\"text-editor.default\">\n\t\t\t\t<div class=\"elementor-widget-container\">\n\t\t\t\t\t\t\t<h3>Andr\u00e9s Casta\u00f1eda<\/h3><p style=\"margin-top: -20px;\">Actor y formador con 20 a\u00f1os de experiencia en el sector cultural. Ha trabajado con diversas compa\u00f1\u00edas e instituciones p\u00fablicas y privadas.<\/p>\t\t\t\t\t\t<\/div>\n\t\t\t\t<\/div>\n\t\t\t\t\t<\/div>\n\t\t\t\t<\/div>\n\t\t\t\t<\/div>\n\t\t<div class=\"elementor-element elementor-element-65bf7af e-con-full e-flex e-con e-parent\" data-id=\"65bf7af\" data-element_type=\"container\" data-core-v316-plus=\"true\">\n\t\t\t\t<div class=\"elementor-element elementor-element-3ef2d6b elementor-widget elementor-widget-gracey_core_image_gallery\" data-id=\"3ef2d6b\" data-element_type=\"widget\" data-widget_type=\"gracey_core_image_gallery.default\">\n\t\t\t\t<div class=\"elementor-widget-container\">\n\t\t\t<div class=\"qodef-shortcode qodef-m  qodef-image-gallery    qodef-grid qodef-swiper-container  qodef-gutter--small qodef-col-num--3  qodef-responsive--predefined\" data-options=\"{&quot;slidesPerView&quot;:&quot;3&quot;,&quot;centeredSlides&quot;:true,&quot;direction&quot;:&quot;horizontal&quot;,&quot;sliderScroll&quot;:false,&quot;spaceBetween&quot;:20,&quot;loop&quot;:true,&quot;autoplay&quot;:true,&quot;speed&quot;:&quot;&quot;,&quot;speedAnimation&quot;:&quot;&quot;,&quot;effect&quot;:&quot;slide&quot;,&quot;loopedSlides&quot;:&quot;&quot;}\">\n\t<div class=\"swiper-wrapper\">\n\t\t<div class=\"qodef-e qodef-image-wrapper swiper-slide\">\n\t\t\t<img loading=\"lazy\" decoding=\"async\" src=\"https:\/\/colombiacultural.co\/wp-content\/uploads\/2025\/10\/IMG_9803-1-scaled-500x500.jpg\" alt=\"\" width=\"500\" height=\"500\" data-ratio=\"1\" \/>\t<\/div>\n<div class=\"qodef-e qodef-image-wrapper swiper-slide\">\n\t\t\t<img loading=\"lazy\" decoding=\"async\" src=\"https:\/\/colombiacultural.co\/wp-content\/uploads\/2025\/10\/IMG_9843-3-scaled-500x500.jpg\" alt=\"\" width=\"500\" height=\"500\" data-ratio=\"1\" \/>\t<\/div>\n<div class=\"qodef-e qodef-image-wrapper swiper-slide\">\n\t\t\t<img loading=\"lazy\" decoding=\"async\" src=\"https:\/\/colombiacultural.co\/wp-content\/uploads\/2024\/05\/hhjhgfffddf-500x500.jpg\" alt=\"\" width=\"500\" height=\"500\" data-ratio=\"1\" \/>\t<\/div>\n<div class=\"qodef-e qodef-image-wrapper swiper-slide\">\n\t\t\t<img loading=\"lazy\" decoding=\"async\" src=\"https:\/\/colombiacultural.co\/wp-content\/uploads\/2024\/05\/jju-500x500.jpg\" alt=\"\" width=\"500\" height=\"500\" data-ratio=\"1\" \/>\t<\/div>\n<div class=\"qodef-e qodef-image-wrapper swiper-slide\">\n\t\t\t<img loading=\"lazy\" decoding=\"async\" src=\"https:\/\/colombiacultural.co\/wp-content\/uploads\/2021\/05\/ll-500x500.png\" alt=\"\" width=\"500\" height=\"500\" data-ratio=\"1\" \/>\t<\/div>\n<div class=\"qodef-e qodef-image-wrapper swiper-slide\">\n\t\t\t<img loading=\"lazy\" decoding=\"async\" src=\"https:\/\/colombiacultural.co\/wp-content\/uploads\/2021\/05\/Obras-teatrales-de-pequeno-mediano-y-gran-formato-500x500.png\" alt=\"\" width=\"500\" height=\"500\" data-ratio=\"1\" \/>\t<\/div>\n<div class=\"qodef-e qodef-image-wrapper swiper-slide\">\n\t\t\t<img loading=\"lazy\" decoding=\"async\" src=\"https:\/\/colombiacultural.co\/wp-content\/uploads\/2021\/05\/Talleres-de-sensibilizacion-500x500.png\" alt=\"\" width=\"500\" height=\"500\" data-ratio=\"1\" \/>\t<\/div>\n<div class=\"qodef-e qodef-image-wrapper swiper-slide\">\n\t\t\t<img loading=\"lazy\" decoding=\"async\" src=\"https:\/\/colombiacultural.co\/wp-content\/uploads\/2021\/05\/Personajes-itinerantes-educativos-e-institucionales-500x500.png\" alt=\"\" width=\"500\" height=\"500\" data-ratio=\"1\" \/>\t<\/div>\n<div class=\"qodef-e qodef-image-wrapper swiper-slide\">\n\t\t\t<img loading=\"lazy\" decoding=\"async\" src=\"https:\/\/colombiacultural.co\/wp-content\/uploads\/2021\/05\/Guiones-500x500.png\" alt=\"\" width=\"500\" height=\"500\" data-ratio=\"1\" \/>\t<\/div>\n<div class=\"qodef-e qodef-image-wrapper swiper-slide\">\n\t\t\t<img loading=\"lazy\" decoding=\"async\" src=\"https:\/\/colombiacultural.co\/wp-content\/uploads\/2021\/05\/Ideas-institucionales-500x500.png\" alt=\"\" width=\"500\" height=\"500\" data-ratio=\"1\" \/>\t<\/div>\n<div class=\"qodef-e qodef-image-wrapper swiper-slide\">\n\t\t\t<img loading=\"lazy\" decoding=\"async\" src=\"https:\/\/colombiacultural.co\/wp-content\/uploads\/2021\/05\/Coaching-500x500.png\" alt=\"\" width=\"500\" height=\"500\" data-ratio=\"1\" \/>\t<\/div>\n<div class=\"qodef-e qodef-image-wrapper swiper-slide\">\n\t\t\t<img loading=\"lazy\" decoding=\"async\" src=\"https:\/\/colombiacultural.co\/wp-content\/uploads\/2021\/05\/Campanas-educativas-e-institucionales-500x500.png\" alt=\"\" width=\"500\" height=\"500\" data-ratio=\"1\" \/>\t<\/div>\n<div class=\"qodef-e qodef-image-wrapper swiper-slide\">\n\t\t\t<img loading=\"lazy\" decoding=\"async\" src=\"https:\/\/colombiacultural.co\/wp-content\/uploads\/2021\/05\/Direccion-y-montaje-de-procesos-artisticos-y-comunicativos-500x500.png\" alt=\"\" width=\"500\" height=\"500\" data-ratio=\"1\" \/>\t<\/div>\n<div class=\"qodef-e qodef-image-wrapper swiper-slide\">\n\t\t\t<img loading=\"lazy\" decoding=\"async\" src=\"https:\/\/colombiacultural.co\/wp-content\/uploads\/2025\/02\/ghjkhjk-500x500.jpg\" alt=\"\" width=\"500\" height=\"500\" data-ratio=\"1\" \/>\t<\/div>\n\t<\/div>\n\t\t<div class=\"swiper-button-prev \"><svg  xmlns=\"http:\/\/www.w3.org\/2000\/svg\" xmlns:xlink=\"http:\/\/www.w3.org\/1999\/xlink\" x=\"0px\" y=\"0px\" width=\"28\" height=\"18\" viewBox=\"0 0 28 18\" xml:space=\"preserve\"><path d=\"M0.4,8.5c5.5,0,9.5-8.1,9.5-8.2C10.1,0,10.3,0,10.5,0.1c0.2,0.1,0.3,0.4,0.1,0.7c-0.1,0.3-2.7,5.5-6.7,7.7h23.7C27.8,8.5,28,8.7,28,9c0,0.3-0.2,0.5-0.4,0.5H3.9c4,2.2,6.6,7.4,6.7,7.7c0.1,0.2,0,0.5-0.1,0.7c-0.2,0.1-0.4,0.1-0.6-0.2c0-0.1-4.1-8.2-9.5-8.2C0.2,9.5,0,9.3,0,9C0,8.7,0.2,8.5,0.4,8.5z\"\/><path d=\"M0.4,8.5c5.5,0,9.5-8.1,9.5-8.2C10.1,0,10.3,0,10.5,0.1c0.2,0.1,0.3,0.4,0.1,0.7c-0.1,0.3-2.7,5.5-6.7,7.7h23.7C27.8,8.5,28,8.7,28,9c0,0.3-0.2,0.5-0.4,0.5H3.9c4,2.2,6.6,7.4,6.7,7.7c0.1,0.2,0,0.5-0.1,0.7c-0.2,0.1-0.4,0.1-0.6-0.2c0-0.1-4.1-8.2-9.5-8.2C0.2,9.5,0,9.3,0,9C0,8.7,0.2,8.5,0.4,8.5z\"\/><\/svg><\/div>\n\t<div class=\"swiper-button-next \"><svg  xmlns=\"http:\/\/www.w3.org\/2000\/svg\" xmlns:xlink=\"http:\/\/www.w3.org\/1999\/xlink\" x=\"0px\" y=\"0px\" width=\"28\" height=\"18\" viewBox=\"0 0 28 18\"  xml:space=\"preserve\"><path d=\"M27.6,8.5c-5.5,0-9.5-8.1-9.5-8.2C17.9,0,17.7,0,17.5,0.1c-0.2,0.1-0.3,0.4-0.1,0.7c0.1,0.3,2.7,5.5,6.7,7.7H0.4C0.2,8.5,0,8.7,0,9c0,0.3,0.2,0.5,0.4,0.5h23.7c-4,2.2-6.6,7.4-6.7,7.7c-0.1,0.2,0,0.5,0.1,0.7c0.2,0.1,0.4,0.1,0.6-0.2c0-0.1,4.1-8.2,9.5-8.2C27.8,9.5,28,9.3,28,9C28,8.7,27.8,8.5,27.6,8.5z\"\/><path d=\"M27.6,8.5c-5.5,0-9.5-8.1-9.5-8.2C17.9,0,17.7,0,17.5,0.1c-0.2,0.1-0.3,0.4-0.1,0.7c0.1,0.3,2.7,5.5,6.7,7.7H0.4C0.2,8.5,0,8.7,0,9c0,0.3,0.2,0.5,0.4,0.5h23.7c-4,2.2-6.6,7.4-6.7,7.7c-0.1,0.2,0,0.5,0.1,0.7c0.2,0.1,0.4,0.1,0.6-0.2c0-0.1,4.1-8.2,9.5-8.2C27.8,9.5,28,9.3,28,9C28,8.7,27.8,8.5,27.6,8.5z\"\/><\/svg><\/div>\n\t\t<div class=\"swiper-pagination\"><\/div>\n<\/div>\n\t\t<\/div>\n\t\t\t\t<\/div>\n\t\t\t\t<\/div>\n\t\t\t\t<\/div>\n\t\t","protected":false},"excerpt":{"rendered":"<p>Equipo El Liderazgo Visionario Emmanuel Gonz\u00e1lez Serna Un l\u00edder en el \u00e1mbito art\u00edstico y cultural, con m\u00e1s de 19 a\u00f1os de experiencia en teatro, televisi\u00f3n y educaci\u00f3n. Como Maestro en Artes Dram\u00e1ticas y fundador de varias compa\u00f1\u00edas teatrales, ha dirigido y participado en numerosas obras, demostrando su versatilidad y pasi\u00f3n por las artes esc\u00e9nicas. Su [&hellip;]<\/p>\n","protected":false},"author":1,"featured_media":0,"parent":0,"menu_order":0,"comment_status":"closed","ping_status":"closed","template":"page-full-width.php","meta":{"footnotes":""},"class_list":["post-2368","page","type-page","status-publish","hentry"],"_links":{"self":[{"href":"https:\/\/colombiacultural.co\/index.php?rest_route=\/wp\/v2\/pages\/2368","targetHints":{"allow":["GET"]}}],"collection":[{"href":"https:\/\/colombiacultural.co\/index.php?rest_route=\/wp\/v2\/pages"}],"about":[{"href":"https:\/\/colombiacultural.co\/index.php?rest_route=\/wp\/v2\/types\/page"}],"author":[{"embeddable":true,"href":"https:\/\/colombiacultural.co\/index.php?rest_route=\/wp\/v2\/users\/1"}],"replies":[{"embeddable":true,"href":"https:\/\/colombiacultural.co\/index.php?rest_route=%2Fwp%2Fv2%2Fcomments&post=2368"}],"version-history":[{"count":42,"href":"https:\/\/colombiacultural.co\/index.php?rest_route=\/wp\/v2\/pages\/2368\/revisions"}],"predecessor-version":[{"id":8341,"href":"https:\/\/colombiacultural.co\/index.php?rest_route=\/wp\/v2\/pages\/2368\/revisions\/8341"}],"wp:attachment":[{"href":"https:\/\/colombiacultural.co\/index.php?rest_route=%2Fwp%2Fv2%2Fmedia&parent=2368"}],"curies":[{"name":"wp","href":"https:\/\/api.w.org\/{rel}","templated":true}]}}